{"id":2688,"date":"2017-02-24T09:47:25","date_gmt":"2017-02-24T09:47:25","guid":{"rendered":"http:\/\/izarbide.net\/inicio\/?page_id=2688"},"modified":"2022-11-13T13:08:42","modified_gmt":"2022-11-13T13:08:42","slug":"ciberaula-ordizia","status":"publish","type":"page","link":"https:\/\/izarbide.net\/inicio\/ciberaula-ordizia\/","title":{"rendered":"AULA ZUHAIZTI &#8211; ORDIZIA"},"content":{"rendered":"<p style=\"text-align: left;\"><span style=\"font-family: arial, helvetica, sans-serif; font-size: 14pt;\"><strong>NOMBRE DEL CENTRO DONDE ESTA UBICADA EL AULA: <\/strong>Centro Social Zuhaizti<\/span><\/p>\n<hr \/>\n<p style=\"text-align: left;\"><span style=\"font-family: arial, helvetica, sans-serif; font-size: 14pt;\"><strong>DONDE ESTAMOS:\u00a0<\/strong>Foruen Pasealekua &#8211; 20240 Ordizia<\/span><\/p>\n<hr \/>\n<p style=\"text-align: left;\"><span style=\"font-family: arial, helvetica, sans-serif; font-size: 14pt;\"><strong>HORARIO DE AULA ABIERTA: <\/strong>Todas los d\u00edas lectivos: de Lunes a Viernes de10:30 a 12:30h. y de 17:00 a 19:00h.<\/span><\/p>\n<hr \/>\n<p style=\"text-align: left;\"><span style=\"font-family: arial, helvetica, sans-serif; font-size: 14pt;\"><strong>TEL\u00c9FONO:<\/strong> 943889288<\/span><\/p>\n<hr \/>\n<p style=\"text-align: left;\"><span style=\"font-family: arial, helvetica, sans-serif; font-size: 14pt;\"><strong>CORREO ELECTR\u00d3NICO: <\/strong>cibergelaordizia@yahoo.es<\/span><\/p>\n<p><iframe loading=\"lazy\" style=\"border: 0;\" src=\"https:\/\/www.google.com\/maps\/embed?pb=!1m18!1m12!1m3!1d2915.385130840882!2d-2.1802001850151087!3d43.054366898964474!2m3!1f0!2f0!3f0!3m2!1i1024!2i768!4f13.1!3m3!1m2!1s0xd50365c4bf5fcd5%3A0x2acc498245a01376!2sForuen+Pasealekua+Ibilbidea%2C+20240+Ordizia%2C+Gipuzkoa!5e0!3m2!1ses!2ses!4v1562599031993!5m2!1ses!2ses\" width=\"600\" height=\"450\" frameborder=\"0\" allowfullscreen=\"allowfullscreen\"><\/iframe><\/p>\n<p>&nbsp;<\/p>\n<p style=\"text-align: left;\">\n","protected":false},"excerpt":{"rendered":"<p>NOMBRE DEL CENTRO DONDE ESTA UBICADA EL AULA: Centro Social Zuhaizti DONDE ESTAMOS:\u00a0Foruen Pasealekua &#8211; 20240 Ordizia HORARIO DE AULA ABIERTA: Todas los d\u00edas lectivos: de Lunes a Viernes de10:30 a 12:30h. y de 17:00 a 19:00h. TEL\u00c9FONO: 943889288 CORREO ELECTR\u00d3NICO: cibergelaordizia@yahoo.es &nbsp;<\/p>\n","protected":false},"author":6,"featured_media":0,"parent":0,"menu_order":0,"comment_status":"closed","ping_status":"closed","template":"","meta":{"footnotes":""},"class_list":["post-2688","page","type-page","status-publish","czr-hentry"],"yoast_head":"<!-- This site is optimized with the Yoast SEO plugin v27.4 - https:\/\/yoast.com\/product\/yoast-seo-wordpress\/ -->\n<title>AULA ZUHAIZTI - ORDIZIA - IZARBIDE<\/title>\n<meta name=\"description\" content=\"Visi\u00f3n del d\u00eda de convivencia por parte de los voluntarios de Ordizia.\" \/>\n<meta name=\"robots\" content=\"index, follow, max-snippet:-1, max-image-preview:large, max-video-preview:-1\" \/>\n<link rel=\"canonical\" href=\"https:\/\/izarbide.net\/inicio\/ciberaula-ordizia\/\" \/>\n<meta property=\"og:locale\" content=\"es_ES\" \/>\n<meta property=\"og:type\" content=\"article\" \/>\n<meta property=\"og:title\" content=\"AULA ZUHAIZTI - ORDIZIA - IZARBIDE\" \/>\n<meta property=\"og:description\" content=\"Visi\u00f3n del d\u00eda de convivencia por parte de los voluntarios de Ordizia.\" \/>\n<meta property=\"og:url\" content=\"https:\/\/izarbide.net\/inicio\/ciberaula-ordizia\/\" \/>\n<meta property=\"og:site_name\" content=\"IZARBIDE\" \/>\n<meta property=\"article:modified_time\" content=\"2022-11-13T13:08:42+00:00\" \/>\n<meta name=\"twitter:card\" content=\"summary_large_image\" \/>\n<meta name=\"twitter:label1\" content=\"Tiempo de lectura\" \/>\n\t<meta name=\"twitter:data1\" content=\"1 minuto\" \/>\n<script type=\"application\/ld+json\" class=\"yoast-schema-graph\">{\"@context\":\"https:\\\/\\\/schema.org\",\"@graph\":[{\"@type\":\"WebPage\",\"@id\":\"https:\\\/\\\/izarbide.net\\\/inicio\\\/ciberaula-ordizia\\\/\",\"url\":\"https:\\\/\\\/izarbide.net\\\/inicio\\\/ciberaula-ordizia\\\/\",\"name\":\"AULA ZUHAIZTI - ORDIZIA - IZARBIDE\",\"isPartOf\":{\"@id\":\"https:\\\/\\\/izarbide.net\\\/inicio\\\/#website\"},\"datePublished\":\"2017-02-24T09:47:25+00:00\",\"dateModified\":\"2022-11-13T13:08:42+00:00\",\"description\":\"Visi\u00f3n del d\u00eda de convivencia por parte de los voluntarios de Ordizia.\",\"breadcrumb\":{\"@id\":\"https:\\\/\\\/izarbide.net\\\/inicio\\\/ciberaula-ordizia\\\/#breadcrumb\"},\"inLanguage\":\"es\",\"potentialAction\":[{\"@type\":\"ReadAction\",\"target\":[\"https:\\\/\\\/izarbide.net\\\/inicio\\\/ciberaula-ordizia\\\/\"]}]},{\"@type\":\"BreadcrumbList\",\"@id\":\"https:\\\/\\\/izarbide.net\\\/inicio\\\/ciberaula-ordizia\\\/#breadcrumb\",\"itemListElement\":[{\"@type\":\"ListItem\",\"position\":1,\"name\":\"Portada\",\"item\":\"https:\\\/\\\/izarbide.net\\\/inicio\\\/\"},{\"@type\":\"ListItem\",\"position\":2,\"name\":\"AULA ZUHAIZTI &#8211; ORDIZIA\"}]},{\"@type\":\"WebSite\",\"@id\":\"https:\\\/\\\/izarbide.net\\\/inicio\\\/#website\",\"url\":\"https:\\\/\\\/izarbide.net\\\/inicio\\\/\",\"name\":\"IZARBIDE\",\"description\":\"Asociaci\u00f3n de Mayores Voluntarios en Inform\u00e1tica de Gipuzkoa - Gipuzkoako borondatezko adinekoen informatika arloko elkartea\",\"publisher\":{\"@id\":\"https:\\\/\\\/izarbide.net\\\/inicio\\\/#organization\"},\"potentialAction\":[{\"@type\":\"SearchAction\",\"target\":{\"@type\":\"EntryPoint\",\"urlTemplate\":\"https:\\\/\\\/izarbide.net\\\/inicio\\\/?s={search_term_string}\"},\"query-input\":{\"@type\":\"PropertyValueSpecification\",\"valueRequired\":true,\"valueName\":\"search_term_string\"}}],\"inLanguage\":\"es\"},{\"@type\":\"Organization\",\"@id\":\"https:\\\/\\\/izarbide.net\\\/inicio\\\/#organization\",\"name\":\"Izarbide\",\"url\":\"https:\\\/\\\/izarbide.net\\\/inicio\\\/\",\"logo\":{\"@type\":\"ImageObject\",\"inLanguage\":\"es\",\"@id\":\"https:\\\/\\\/izarbide.net\\\/inicio\\\/#\\\/schema\\\/logo\\\/image\\\/\",\"url\":\"https:\\\/\\\/izarbide.net\\\/wp-content\\\/uploads\\\/2017\\\/02\\\/Logo-IZARBIDE-Web.jpg\",\"contentUrl\":\"https:\\\/\\\/izarbide.net\\\/wp-content\\\/uploads\\\/2017\\\/02\\\/Logo-IZARBIDE-Web.jpg\",\"width\":205,\"height\":140,\"caption\":\"Izarbide\"},\"image\":{\"@id\":\"https:\\\/\\\/izarbide.net\\\/inicio\\\/#\\\/schema\\\/logo\\\/image\\\/\"}}]}<\/script>\n<!-- \/ Yoast SEO plugin. -->","yoast_head_json":{"title":"AULA ZUHAIZTI - ORDIZIA - IZARBIDE","description":"Visi\u00f3n del d\u00eda de convivencia por parte de los voluntarios de Ordizia.","robots":{"index":"index","follow":"follow","max-snippet":"max-snippet:-1","max-image-preview":"max-image-preview:large","max-video-preview":"max-video-preview:-1"},"canonical":"https:\/\/izarbide.net\/inicio\/ciberaula-ordizia\/","og_locale":"es_ES","og_type":"article","og_title":"AULA ZUHAIZTI - ORDIZIA - IZARBIDE","og_description":"Visi\u00f3n del d\u00eda de convivencia por parte de los voluntarios de Ordizia.","og_url":"https:\/\/izarbide.net\/inicio\/ciberaula-ordizia\/","og_site_name":"IZARBIDE","article_modified_time":"2022-11-13T13:08:42+00:00","twitter_card":"summary_large_image","twitter_misc":{"Tiempo de lectura":"1 minuto"},"schema":{"@context":"https:\/\/schema.org","@graph":[{"@type":"WebPage","@id":"https:\/\/izarbide.net\/inicio\/ciberaula-ordizia\/","url":"https:\/\/izarbide.net\/inicio\/ciberaula-ordizia\/","name":"AULA ZUHAIZTI - ORDIZIA - IZARBIDE","isPartOf":{"@id":"https:\/\/izarbide.net\/inicio\/#website"},"datePublished":"2017-02-24T09:47:25+00:00","dateModified":"2022-11-13T13:08:42+00:00","description":"Visi\u00f3n del d\u00eda de convivencia por parte de los voluntarios de Ordizia.","breadcrumb":{"@id":"https:\/\/izarbide.net\/inicio\/ciberaula-ordizia\/#breadcrumb"},"inLanguage":"es","potentialAction":[{"@type":"ReadAction","target":["https:\/\/izarbide.net\/inicio\/ciberaula-ordizia\/"]}]},{"@type":"BreadcrumbList","@id":"https:\/\/izarbide.net\/inicio\/ciberaula-ordizia\/#breadcrumb","itemListElement":[{"@type":"ListItem","position":1,"name":"Portada","item":"https:\/\/izarbide.net\/inicio\/"},{"@type":"ListItem","position":2,"name":"AULA ZUHAIZTI &#8211; ORDIZIA"}]},{"@type":"WebSite","@id":"https:\/\/izarbide.net\/inicio\/#website","url":"https:\/\/izarbide.net\/inicio\/","name":"IZARBIDE","description":"Asociaci\u00f3n de Mayores Voluntarios en Inform\u00e1tica de Gipuzkoa - Gipuzkoako borondatezko adinekoen informatika arloko elkartea","publisher":{"@id":"https:\/\/izarbide.net\/inicio\/#organization"},"potentialAction":[{"@type":"SearchAction","target":{"@type":"EntryPoint","urlTemplate":"https:\/\/izarbide.net\/inicio\/?s={search_term_string}"},"query-input":{"@type":"PropertyValueSpecification","valueRequired":true,"valueName":"search_term_string"}}],"inLanguage":"es"},{"@type":"Organization","@id":"https:\/\/izarbide.net\/inicio\/#organization","name":"Izarbide","url":"https:\/\/izarbide.net\/inicio\/","logo":{"@type":"ImageObject","inLanguage":"es","@id":"https:\/\/izarbide.net\/inicio\/#\/schema\/logo\/image\/","url":"https:\/\/izarbide.net\/wp-content\/uploads\/2017\/02\/Logo-IZARBIDE-Web.jpg","contentUrl":"https:\/\/izarbide.net\/wp-content\/uploads\/2017\/02\/Logo-IZARBIDE-Web.jpg","width":205,"height":140,"caption":"Izarbide"},"image":{"@id":"https:\/\/izarbide.net\/inicio\/#\/schema\/logo\/image\/"}}]}},"_links":{"self":[{"href":"https:\/\/izarbide.net\/inicio\/wp-json\/wp\/v2\/pages\/2688","targetHints":{"allow":["GET"]}}],"collection":[{"href":"https:\/\/izarbide.net\/inicio\/wp-json\/wp\/v2\/pages"}],"about":[{"href":"https:\/\/izarbide.net\/inicio\/wp-json\/wp\/v2\/types\/page"}],"author":[{"embeddable":true,"href":"https:\/\/izarbide.net\/inicio\/wp-json\/wp\/v2\/users\/6"}],"replies":[{"embeddable":true,"href":"https:\/\/izarbide.net\/inicio\/wp-json\/wp\/v2\/comments?post=2688"}],"version-history":[{"count":0,"href":"https:\/\/izarbide.net\/inicio\/wp-json\/wp\/v2\/pages\/2688\/revisions"}],"wp:attachment":[{"href":"https:\/\/izarbide.net\/inicio\/wp-json\/wp\/v2\/media?parent=2688"}],"curies":[{"name":"wp","href":"https:\/\/api.w.org\/{rel}","templated":true}]}}

<p style="text-align: left;"><span style="font-family: arial, helvetica, sans-serif; font-size: 14pt;"><strong>NOMBRE DEL CENTRO DONDE ESTA UBICADA EL AULA: </strong>Centro Social Zuhaizti</span></p>
<hr />
<p style="text-align: left;"><span style="font-family: arial, helvetica, sans-serif; font-size: 14pt;"><strong>DONDE ESTAMOS: </strong>Foruen Pasealekua &#8211; 20240 Ordizia</span></p>
<hr />
<p style="text-align: left;"><span style="font-family: arial, helvetica, sans-serif; font-size: 14pt;"><strong>HORARIO DE AULA ABIERTA: </strong>Todas los días lectivos: de Lunes a Viernes de10:30 a 12:30h. y de 17:00 a 19:00h.</span></p>
<hr />
<p style="text-align: left;"><span style="font-family: arial, helvetica, sans-serif; font-size: 14pt;"><strong>TELÉFONO:</strong> 943889288</span></p>
<hr />
<p style="text-align: left;"><span style="font-family: arial, helvetica, sans-serif; font-size: 14pt;"><strong>CORREO ELECTRÓNICO: </strong>cibergelaordizia@yahoo.es</span></p>
<p><iframe loading="lazy" style="border: 0;" src="https://www.google.com/maps/embed?pb=!1m18!1m12!1m3!1d2915.385130840882!2d-2.1802001850151087!3d43.054366898964474!2m3!1f0!2f0!3f0!3m2!1i1024!2i768!4f13.1!3m3!1m2!1s0xd50365c4bf5fcd5%3A0x2acc498245a01376!2sForuen+Pasealekua+Ibilbidea%2C+20240+Ordizia%2C+Gipuzkoa!5e0!3m2!1ses!2ses!4v1562599031993!5m2!1ses!2ses" width="600" height="450" frameborder="0" allowfullscreen="allowfullscreen"></iframe></p>
<p>&nbsp;</p>
<p style="text-align: left;">

<p>NOMBRE DEL CENTRO DONDE ESTA UBICADA EL AULA: Centro Social Zuhaizti DONDE ESTAMOS: Foruen Pasealekua &#8211; 20240 Ordizia HORARIO DE AULA ABIERTA: Todas los días lectivos: de Lunes a Viernes de10:30 a 12:30h. y de 17:00 a 19:00h. TELÉFONO: 943889288 CORREO ELECTRÓNICO: cibergelaordizia@yahoo.es &nbsp;</p>

<!-- This site is optimized with the Yoast SEO plugin v27.4 - https://yoast.com/product/yoast-seo-wordpress/ -->
<title>AULA ZUHAIZTI - ORDIZIA - IZARBIDE</title>
<meta name="description" content="Visión del día de convivencia por parte de los voluntarios de Ordizia." />
<meta name="robots" content="index, follow, max-snippet:-1, max-image-preview:large, max-video-preview:-1" />
<link rel="canonical" href="https://izarbide.net/inicio/ciberaula-ordizia/" />
<meta property="og:locale" content="es_ES" />
<meta property="og:type" content="article" />
<meta property="og:title" content="AULA ZUHAIZTI - ORDIZIA - IZARBIDE" />
<meta property="og:description" content="Visión del día de convivencia por parte de los voluntarios de Ordizia." />
<meta property="og:url" content="https://izarbide.net/inicio/ciberaula-ordizia/" />
<meta property="og:site_name" content="IZARBIDE" />
<meta property="article:modified_time" content="2022-11-13T13:08:42+00:00" />
<meta name="twitter:card" content="summary_large_image" />
<meta name="twitter:label1" content="Tiempo de lectura" />
	<meta name="twitter:data1" content="1 minuto" />
<script type="application/ld+json" class="yoast-schema-graph">{"@context":"https:\/\/schema.org","@graph":[{"@type":"WebPage","@id":"https:\/\/izarbide.net\/inicio\/ciberaula-ordizia\/","url":"https:\/\/izarbide.net\/inicio\/ciberaula-ordizia\/","name":"AULA ZUHAIZTI - ORDIZIA - IZARBIDE","isPartOf":{"@id":"https:\/\/izarbide.net\/inicio\/#website"},"datePublished":"2017-02-24T09:47:25+00:00","dateModified":"2022-11-13T13:08:42+00:00","description":"Visión del día de convivencia por parte de los voluntarios de Ordizia.","breadcrumb":{"@id":"https:\/\/izarbide.net\/inicio\/ciberaula-ordizia\/#breadcrumb"},"inLanguage":"es","potentialAction":[{"@type":"ReadAction","target":["https:\/\/izarbide.net\/inicio\/ciberaula-ordizia\/"]}]},{"@type":"BreadcrumbList","@id":"https:\/\/izarbide.net\/inicio\/ciberaula-ordizia\/#breadcrumb","itemListElement":[{"@type":"ListItem","position":1,"name":"Portada","item":"https:\/\/izarbide.net\/inicio\/"},{"@type":"ListItem","position":2,"name":"AULA ZUHAIZTI &#8211; ORDIZIA"}]},{"@type":"WebSite","@id":"https:\/\/izarbide.net\/inicio\/#website","url":"https:\/\/izarbide.net\/inicio\/","name":"IZARBIDE","description":"Asociación de Mayores Voluntarios en Informática de Gipuzkoa - Gipuzkoako borondatezko adinekoen informatika arloko elkartea","publisher":{"@id":"https:\/\/izarbide.net\/inicio\/#organization"},"potentialAction":[{"@type":"SearchAction","target":{"@type":"EntryPoint","urlTemplate":"https:\/\/izarbide.net\/inicio\/?s={search_term_string}"},"query-input":{"@type":"PropertyValueSpecification","valueRequired":true,"valueName":"search_term_string"}}],"inLanguage":"es"},{"@type":"Organization","@id":"https:\/\/izarbide.net\/inicio\/#organization","name":"Izarbide","url":"https:\/\/izarbide.net\/inicio\/","logo":{"@type":"ImageObject","inLanguage":"es","@id":"https:\/\/izarbide.net\/inicio\/#\/schema\/logo\/image\/","url":"https:\/\/izarbide.net\/wp-content\/uploads\/2017\/02\/Logo-IZARBIDE-Web.jpg","contentUrl":"https:\/\/izarbide.net\/wp-content\/uploads\/2017\/02\/Logo-IZARBIDE-Web.jpg","width":205,"height":140,"caption":"Izarbide"},"image":{"@id":"https:\/\/izarbide.net\/inicio\/#\/schema\/logo\/image\/"}}]}</script>
<!-- / Yoast SEO plugin. -->

Visión del día de convivencia por parte de los voluntarios de Ordizia.

Asociación de Mayores Voluntarios en Informática de Gipuzkoa - Gipuzkoako borondatezko adinekoen informatika arloko elkartea
